(3)?
False
Let o(c) be the first derivative of 2*c**3 + 8*c - 2. Let f(z) = -5*z**2 - 7. Let h(u) = 7*f(u) + 6*o(u). Is h(3) a multiple of 4?
True
Let z = 58 - 25. Is 7 a factor of z?
False
Let o(k) = -33*k**3 - 2*k**2 - k. Is 7 a factor of o(-1)?
False
Suppose 0 = 5*p - 3*x - 491, 3*p - 169 = 5*x + 132. Does 3 divide p?
False
Suppose 3*o = -15 + 27. Suppose 0 = 7*t - o*t - 90. Is 12 a factor of t?
False
Let o = 2 + 29. Suppose -3*k = k + w - 119, -w - o = -k. Is k a multiple of 17?
False
Let j(w) = -w**3 - 7*w**2 + 9*w + 12. Let b be j(-8). Does 14 divide 110/8 - (-1)/b?
True
Suppose 2*a - 6160 = -0*a. Does 33 divide 2/(-6) - a/(-42)?
False
Let o be ((-4)/(-3))/((-6)/99). Let u = o + 34. Is 11 a factor of u?
False
Let y = -112 - -208. Is y a multiple of 16?
True
Let b(v) = v - 3. Let c be -3 - (-11 - (-2 - 1)). Let l be b(c). Let g = l - -3. Is 4 a factor of g?
False
Let w = 5 - -4. Let i = 3 + w. Does 3 divide i?
True
Let l = -3 - -52. Is l a multiple of 7?
True
Let q(c) = c**2 + 4*c - 2. Suppose -5*k - 3*b + 15 = -b, -2*k - 5*b - 15 = 0. Is 11 a factor of q(k)?
False
Let p be (10/(-6))/((-2)/6). Let w be ((-1)/2)/((-1)/4). Suppose p*s - w*s - 24 = 0. Is s a multiple of 5?
False
Let c(z) = -8*z - 7. Does 11 divide c(-3)?
False
Suppose -6*z + z + 5*k - 10 = 0, -3*k = 4*z + 36. Let c = -1 - z. Suppose 0*g = -g - 4*v + 31, -4*g + c*v + 166 = 0. Is 14 a factor of g?
False
Does 7 divide 6/15 - (-3 - (-36)/(-10))?
True
Let t be 8/10*(-5)/(-2). Suppose 2 = -p + t*p. Suppose 2*h - m - p*m - 59 = 0, m = -5*h + 139. Is h a multiple of 10?
False
Suppose 6 = -2*h - 4. Let g(c) = -4*c - 7. Is g(h) a multiple of 12?
False
Suppose 4*y + 2*y - 678 = 0. Does 7 divide y?
False
Let p be 2 + -1 + 2 + -1. Suppose p*i = 7 + 23. Does 7 divide i?
False
Suppose -5*r = 3*b - 103, 0 = -4*b - 5*r - 0 + 129. Is 26 a factor of b?
True
Let o(f) = -f + 2. Let w be o(2). Suppose -6 = -w*q - 2*q. Suppose 5*y - q*r = 26, y = 4*y + 4*r - 4. Is 2 a factor of y?
True
Let x(k) = -4 + 2*k + 91*k**2 + 0 + 3. Let a be x(1). Let q = a - 43. Is q a multiple of 17?
False
Suppose -5*i = 20, -3*g = -5*i - 63 + 7. Let b = 7 - g. Let q(f) = -5*f - 7. Is 9 a factor of q(b)?
True
Suppose 0 = 10*s - 3*s - 154. Does 13 divide s?
False
Let n = -1593 + -507. Does 16 divide n/(-66) - 4/(-22)?
True
Suppose -2*t = 2*v + 3*t - 42, -4*t = 4*v - 84. Let c = 24 + v. Is c a multiple of 9?
True
Let z = -95 + 167. Is 24 a factor of z?
True
Suppose -6 = -n - n. Let c be 34 - 2/(n/(-3)). Suppose c = 2*p + 2*r, 34 = 5*p - 4*r - 83. Is 14 a factor of p?
False
Let r = 109 + -13. Suppose o + r = 4*o. Is o a multiple of 16?
True
Let r(i) = 7*i + 1. Let s be r(-1). Suppose -14 + 6 = -4*n. Does 13 divide (-190)/(-15) - n/s?
True
Let h(g) = -15*g - 30. Does 20 divide h(-10)?
True
Suppose m + 4*p + 6 = 23, 5*m + 5*p = 55. Let j = 78 + 72. Suppose m*i - j = 4*i. Is 15 a factor of i?
True
Suppose -745 = 6*v - 2671. Is 11 a factor of v?
False
Suppose -320 = 7*t - 1188. Does 6 divide t?
False
Suppose -9 = -3*j - 0*j. Suppose g - 3*g - 4*r = -16, -3*g - 5*r + 21 = 0. Suppose -g*t - 3*y = -33, -y + 90 = 4*t - j*y. Does 9 divide t?
False
Suppose 2*m = z + 2*z - 88, -2*z + 2*m + 58 = 0. Is z a multiple of 15?
True
Let o be 2/7 - 4/14. Suppose o = q - 3*q + 6. Suppose 90 = 4*l - 2*l - 4*y, 5*y + 136 = q*l. Is 26 a factor of l?
False
Let l(k) = -51*k - 9. Is l(-2) a multiple of 15?
False
Let l = 27 - 14. Let f(k) = -2*k + l*k - k - 1 + 0. Is 8 a factor of f(2)?
False
Suppose -10*n - 244 = -14*n. Is n a multiple of 5?
False
Is 12 a factor of -1*3/6*-60?
False
Suppose -2*s + 678 = -3*g, -4 = -4*g + 5*g. Suppose 75 = -6*u + s. Is u a multiple of 8?
False
Suppose -3*v - 42 + 6 = 0. Let s = v + 26. Let x = 35 - s. Does 14 divide x?
False
Let o be (3 + -4)*8*1. Let a = -5 - o. Is 3 a factor of a?
True
Suppose 4*o = -0*o - 4*l + 112, 2*o + 4*l - 50 = 0. Is o a multiple of 31?
True
Let j(p) be the second derivative of p**4/12 + p**3 + 3*p**2/2 - p. Let g be j(-6). Suppose g*h = -y + 31 - 14, -45 = -5*y - 5*h. Is y a multiple of 2?
False
Is -1 + 0 + 14/2 a multiple of 3?
True
Suppose -3*a + 7 + 17 = 0. Let h(o) = 10*o**2 - 7*o - 5. Let r(s) = s**3 + s**2 + s + 1. Let w(y) = -h(y) + r(y). Is w(a) a multiple of 5?
False
Suppose 4*c + 24 = 3*a, 2*c - 13 = 4*a - 45. Suppose 11 = 2*u + 7*x - 2*x, -5*x = u - a. Let l = u + 0. Does 3 divide l?
True
Let l(z) = -8*z**3 + 3*z**2 - 1. Let b be l(2). Let j = -30 - b. Is 11 a factor of j?
False
Let f = -3 + 1. Let w(u) = 2*u - 3. Let j(d) = -1. Let y(l) = f*j(l) + w(l). Is 3 a factor of y(2)?
True
Suppose -l = -4*w - 26 - 10, w - 72 = -2*l. Does 6 divide l?
True
Suppose -2*u - 2*u + 4 = 3*g, -5*u - 26 = -4*g. Let w = u + 8. Does 6 divide w?
True
Suppose 5*f - 371 = 54. Is 17 a factor of f?
True
Suppose -3*r + 5*c = -43, 2*r - 5*c = -0*c + 37. Let j be r/(-15) + (-44)/(-10). Let i(d) = 3*d - 5. Does 5 divide i(j)?
False
Suppose 0 = -t - 3 + 25. Is t a multiple of 11?
True
Let d(a) = -a**3 - 10*a**2 - 15*a + 7. Let g(c) = -c + 1. Let u(o) = d(o) - 4*g(o). Is u(-9) a multiple of 10?
False
Let s = -66 + 59. Let y = 23 - 4. Let i = y + s. Does 4 divide i?
True
Let o(b) = 5*b**2 - 3*b - 2. Is o(3) a multiple of 17?
True
Let x(j) = j**3 + 5*j**2 - 2*j - 5. Suppose 8 = -2*p - 2. Is x(p) a multiple of 2?
False
Let o(g) = 109*g**3 + g**2 + 3*g - 4. Is o(1) a multiple of 5?
False
Suppose -3*h + 0*h = -72. Does 12 divide h?
True
Let d(f) = f**3 + 7*f**2 + 3*f. Is d(-4) a multiple of 4?
True
Let x = -1 + 1. Let m be (-153)/(-6)*(2 - x). Suppose -5*t - f = -m - 86, 68 = 2*t - 4*f. Is t a multiple of 14?
True
Let d(h) = 3*h**2 + 2*h + 7. Let f be 5/((-2)/((-2)/(-1))). Is 20 a factor of d(f)?
False
Suppose 0 = 3*a - 2*a + 28. Let m = a - -68. Does 20 divide m?
True
Suppose 41 = 4*h + 3*r, -2*h = 6*r - 3*r - 25. Does 8 divide h?
True
Suppose -50 = -5*y + 35. Let o = -7 + y. Is o a multiple of 10?
True
Suppose -t = t - 40. Is t a multiple of 10?
True
Suppose 3*z + 9 = 4*k, 3*k + 1 = 5*z - 6. Let a be (-3)/9 - (-332)/k. Let d = a + -25. Is 10 a factor of d?
True
Let n = 6 + -7. Let k be -22 - 1 - 3/n. Let h = k + 30. Does 8 divide h?
False
Let m(j) = -22*j. Let b be m(-1). Let v be (-4)/(-22) + 62/b. Suppose 33 = -0*y + v*y. Is 11 a factor of y?
True
Is 26 a factor of -7 + 122 + -1*4?
False
Let u(k) = -k - 1. Let d(v) = 7*v - 1. Suppose 2*y - 6 - 17 = 5*o, -y - 26 = 5*o. Let x(c) = y*d(c) + 4*u(c). Does 19 divide x(-2)?
True
Let m be (-16)/24 + (-11)/(-3). Suppose m*p - 3*f = 7 - 1, -4*p = 2*f - 38. Is 7 a factor of 100/p - (-14)/(-49)?
True
Suppose 3*h - 2*j + 139 = -221, -3*j + 9 = 0. Let d = h + 219. Suppose -3*b = -2*p - 0*b + d, 5 = b. Does 15 divide p?
False
Let y(f) = f**3 - 9*f**2 + f - 3. Let t be y(9). Let n(d) = -d + 8. Is n(t) a multiple of 2?
True
Suppose -t = -4*r - 0*t + 8, 4*t = -5*r + 10. Is 222/4*r/3 a multiple of 12?
False
Suppose 5*b - 4*b = -1. Does 7 divide -2 - (-6 + b - 3)?
False
Let i = 132 - 54. Is i a multiple of 21?
False
Suppose 7*m - 3*m + 48 = 0. Does 4 divide m/(-12)*19*1?
False
Let q = -2 + 4. Let h be q - (0/(-3) - 1). Suppose -2*l = 10, h*k + 6 + 3 = -3*l. Is k even?
True
Let b(v) = v**3 + 10*v**2 + 12*v + 7. Let k be b(-8). Let p be (-102)/(-14) + (-4)/14. Suppose p = -f + k. Is f a multiple of 11?
False
Suppose 5*n - 2*k - 325 = -5*k, -5*k = 3*n - 195. Suppose 39 = 4*s - n. Does 9 divide s?
False
Suppose -5*v - 2*b = -39, -v + b + 0*b = -12. Is v a multiple of 9?
True
Let t(o) = 2*o**2 + 20*o + 2. Is 16 a factor of t(-14)?
False
Let u = 3 + -3. Let s be -1 + u - 2/2. Let m(g) = -28*g - 3. Does 18 divide m(s)?
False
Is (-1620)/(-52) + 2/(-13) a multiple of 14?
False
Let j = 10 + 0. Suppose -2*x + j + 4 = z, -3*x + 34 = -5*z. Is 8 a factor of x?
True
Let g(r) = -r**3 - 10*r**2 - 8*r + 12. Let i = -14 + 5. Let d be g(i). Let v = d - -5. Is 4 a factor of v?
True
Let t = -1 + 4. Suppose -3*r = 2*z - 9, 6*r + 3*z - 12 = t*r. Does 4 divide (r/((-3)/(-24)))/1?
True
Suppose 0*x = -5*x + 2*o + 19, 0 = 5*x + o - 28. Suppose -52 = -x*i + 38. Does 6 divide i?
True
Let r = 207 - 139. Is r a multiple of 34?
True
Suppose -g - 2*j = -304, -6*g + j - 1223 = -10*g. Is g a multiple of 17?
True
Let b(m) = -11*m**3 - 29*m**2 - 20*m + 37. Let l(p) = 5*p**3 + 14*p**2 + 10*p - 18. Let v(t) = -6*b(t)